e the highest common divisor of t and 84.
12
Suppose 9*s - 20 = 4*s. Suppose -292 + 52 = -s*d. Suppose c + 4*w = w + 20, c - 20 = 5*w. What is the greatest common divisor of d and c?
20
Suppose -3*h - 4*p + 32 = 0, 0*h + 3*h - 4*p - 16 = 0. What is the greatest common factor of h and 64?
8
Suppose -204 = 83*o - 95*o. Let d be ((-34)/(-4))/((-1)/(-2)). Suppose 2*j + d = 3*j. Calculate the greatest common divisor of j and o.
17
Suppose 20*p + 75 = 25*p. Let l be ((-180)/(-21))/((-1)/(-7)). What is the greatest common divisor of p and l?
15
Suppose p - 28 = -5*c, 3*p + 4*c = 6 + 34. Suppose -17 = -q + p. Calculate the greatest common factor of q and 15.
5
Let f(h) = -7*h - 2. Let c be f(-23). What is the greatest common divisor of c and 53?
53
Suppose -4*f + 1265 = -w - 30, -4*w = 2*f - 652. Calculate the highest common factor of 12 and f.
12
Let k(u) = 2*u**3 - 3*u**3 + 14 - 2 + 0 + 16*u. Let t be k(-4). Calculate the highest common factor of t and 24.
12
Suppose -2*g - 3*g = -25. Suppose 3*u = 3*z + 4*u - 11, 0 = g*z - 2*u - 22. Suppose 44 = -2*v + z*v. What is the highest common factor of 88 and v?
22
Let b(v) = 9*v + 6. Let m be b(1). Calculate the greatest common factor of m and 255.
15
Suppose -10*q + 8*q + 2*n + 186 = 0, -4*n + 108 = q. What is the highest common divisor of 64 and q?
32
Let z = 451 - 432. What is the greatest common factor of z and 1007?
19
Let l = -2091 - -2103. Calculate the highest common divisor of l and 33.
3
Let u be (8 - 5)/((-6)/(-14)). Let b = 0 + u. Suppose m = 5*x - 142, 4*x + 0*m - 116 = 2*m. What is the highest common divisor of b and x?
7
Suppose 20 = -5*u - 20. Let n be u/(-44) - 951/(-33). Suppose 0 = -r + n + 11. Calculate the highest common divisor of 10 and r.
10
Suppose -5*o - 4 + 39 = 0. Let l(g) = g**3 - 5*g**2 - 4*g - 7. Let a be l(6). Suppose a*v - 2 = 3. Calculate the greatest common factor of o and v.
1
Suppose 0 = y + 2, 5*u + 4*y - 572 = -15. What is the greatest common divisor of u and 1?
1
Let x be ((-1)/((-2)/(-1348)))/(-2). Let i = x + -232. What is the greatest common factor of 70 and i?
35
Suppose 0 = 980*f - 972*f - 6240. What is the greatest common factor of f and 240?
60
Suppose -4*k + 8*v = 4*v - 88, k - 2*v - 21 = 0. What is the greatest common factor of k and 3?
1
Suppose 2*m + 2*m = k + 9, 2*m + 58 = -2*k. Let d be -3 - (2 - (-2 - k)). Calculate the highest common factor of d and 36.
18
Let y be ((-1)/(-2))/1*0. Suppose -2*z = z + 3*l - 804, -l + 4 = y. Let t = -28 - -61. What is the highest common factor of z and t?
33
Suppose -18*p + 216 = -10*p. What is the highest common factor of p and 162?
27
Let g = -740 - -946. What is the highest common factor of g and 103?
103
Let g = 175 + -149. What is the highest common divisor of 13 and g?
13
Let x = -631 - -647. What is the highest common divisor of x and 184?
8
Let d(z) = -z + 6. Let c be d(3). Suppose c*n = 33 - 3. Calculate the highest common factor of n and 110.
10
Let m be (17*(-16)/(-4))/2. Suppose -5*z + 5*q + 1335 = 0, 0 = 2*z - 4*q + 6*q - 554. Calculate the highest common factor of m and z.
34
Let r = 86 - 4. What is the highest common factor of 123 and r?
41
Suppose -731 = 5*z + 289. Let r = z - -342. Suppose 2*k = -42 + r. Calculate the greatest common divisor of k and 16.
16
Let h(w) = 24*w**2 + 4. Let t(q) = -q**3 - 10*q**2 - 8*q + 7. Let f be t(-9). Let k be h(f). What is the highest common factor of k and 40?
20
Let z be ((-12)/(-3))/4 - -6. Let b = 8 + z. Suppose 140 = 5*q + 5*u, q = -4*u + 28 + b. What is the greatest common divisor of 69 and q?
23
Let f = -3 + 0. Let i be ((-165)/(-30))/((-2)/(-8)). Let v be (i/(-3))/(f/9). Calculate the highest common divisor of 66 and v.
22
Let i be ((-137445)/(-56))/21 + (-3)/(-24). What is the greatest common factor of 9 and i?
9
Suppose -2*n + 266 - 44 = -w, -n + 2*w = -114. Let b = -19 + 29. Suppose 9*m = 8*m + b. Calculate the highest common divisor of m and n.
10
Suppose 0 = c - 2*j - 1222, 3*c = -6*j + 9*j + 3669. Calculate the greatest common factor of c and 72.
72
Let z = 170 + 397. Calculate the highest common divisor of z and 21.
21
Let h be 1/(25/(-15) + 2). Suppose -c + 324 = h*c. What is the greatest common factor of c and 9?
9
Suppose 0 = 3*d + 2*l - 31, -8*d + 3*d + 4*l = -81. Let i = -2665 - -2717. Calculate the highest common divisor of i and d.
13
Suppose 63*l = 59*l + 3008. Calculate the greatest common factor of l and 94.
94
Let i(x) = x**2 - 10*x - 38. Let t be i(13). Let r be 9 + 1 + t + -1. Calculate the highest common divisor of r and 110.
10
Let r(p) = -p + 5. Let z be r(0). Suppose 2*h + 4*i + 28 = 0, -5*h - 33 = z*i + 22. Let d = h - -11. What is the highest common divisor of 18 and d?
3
Suppose -3*y = -4 + 46. Let a(o) be the second derivative of -o**3/3 - 19*o**2/2 - 48*o. Let x be a(y). What is the highest common divisor of x and 6?
3
Let w = -409 + 417. Calculate the highest common factor of 8 and w.
8
Suppose 8*c = 23 - 39. Let f be (9/c)/((-24)/64). What is the greatest common factor of f and 144?
12
Let n be -51*(52/(-3))/(-4). Let d = -123 - n. Let f = 6 - -8. What is the greatest common divisor of f and d?
14
Suppose -2*z = -l + 6 + 6, 16 = l - 3*z. Suppose 0 = l*k - 134 + 6. Calculate the greatest common factor of k and 128.
32
Let k = -38 + -9. Let m = -37 - k. What is the greatest common divisor of 2 and m?
2
Suppose d = 4*l + 12, -8*d + 11*d = 2*l + 36. What is the highest common divisor of d and 52?
4
Let g be (288/240)/(2/(124*5)). What is the highest common factor of g and 651?
93
Let s be (0 - -5) + 154/2. What is the highest common factor of 574 and s?
82
Let y(v) = -v**2 + 11*v - 10. Let g be y(10). Suppose g*l = 3*l - 195. Suppose 0 = -7*s + l + 61. What is the greatest common factor of s and 12?
6
Let g be (-1 + -3113)/(-6) + 3. Calculate the highest common divisor of g and 6.
6
Let g = -198 + 101. Let z = g - -216. Calculate the greatest common factor of 17 and z.
17
Let w(a) = 2*a**2 - 13*a - 1140. Let y be w(-21). Let i(q) = 8*q - 3. Let s be i(6). What is the highest common divisor of y and s?
15
Let q = 21 + -21. Suppose -4*p - 45 = -7*p + 3*r, 2*r + 10 = q. Let w = 211 - 101. What is the highest common factor of w and p?
10
Suppose 4 = o + 2, -3*o + 510 = 2*f. Suppose x - f = -3*x. Let p(b) = -53*b - 1157. Let y be p(-22). What is the highest common divisor of x and y?
9
Let p = 29 + -31. Let u(v) = -8*v + 4. Let m be u(p). Calculate the highest common divisor of m and 180.
20
Let u(h) = -4*h**2 - 57*h - 47. Let l be u(-13). What is the highest common divisor of 1017 and l?
9
Let x(c) = -c**3 + 24*c**2 + 2*c + 12. Let t be x(24). What is the highest common divisor of 160 and t?
20
Let f = -370 + 428. Calculate the greatest common divisor of f and 725.
29
Let t be 12 + (-20 - 0) - 34/(-1). Let f(b) = b**3 + b**2 + b + 13. Suppose 0*z + 3*z = 0. Let c be f(z). What is the highest common factor of t and c?
13
Let p = 230 + 2. Calculate the greatest common factor of 203 and p.
29
Suppose 7*q - 54 + 33 = 0. Suppose 4 - 2 = y. Suppose -y*g + q*g = 42. What is the highest common factor of g and 21?
21
Suppose -2*k + 13*k - 33 = 0. Calculate the highest common divisor of k and 87.
3
Let s = -132 + 140. Suppose 0*f = 3*f - 24. What is the greatest common factor of f and s?
8
Let x be 930*(0 + -1)/(14 + -16). Calculate the greatest common divisor of 15 and x.
15
Let g(p) = p**2 + 44*p + 303. Let o be g(-37). What is the highest common divisor of o and 165?
11
Let w = 22 + 8. Suppose -4*n - 24 = -4*x, 2*x + w = 4*x + 4*n. What is the greatest common divisor of 9 and x?
9
Let g be (5 + 180)/((-4)/(-8)). Calculate the greatest common divisor of 10 and g.
10
Suppose 2 = -5*p + 32. Let b be ((-21)/p)/(4/24). Let w = b + 98. Calculate the highest common divisor of w and 11.
11
Let i be 258 + -19 - (-1 - 1). Suppose -w - 249 = -4*w - 3*l, 0 = 3*w - l - i. Calculate the greatest common factor of w and 54.
27
Suppose 2*b + 35 = 3*k - 3*b, -4*k = -b - 41. Let r(v) = 9*v - 11. Let h = -12 + 21. Let i be r(h). What is the highest common factor of k and i?
10
Let j be -4 + (24/7)/(6/42). Suppose -115 = -15*y + j. Calculate the greatest common factor of y and 6.
3
Let w(y) = 21*y - 7. Let z be w(15). Let n be 48/4*(-35)/(-15). What is the greate